 (-94 - (-42 - -19)) - 62?
-27
What is (-3 - -15) + (-2 + (37 - 10) - -2)?
39
-105 + (8 - -54) + -94
-137
Evaluate -75 - (-18 + -29) - (3 + 1 + -2).
-30
6 + (-18 - -29) + 36 - (2 - 4)
55
Evaluate 6 + -32 + 1 + (-121 - -151).
5
What is the value of -1 + 88 + -1 + 12 + (48 - 90) + 24?
80
What is 154 + ((-2 + 7 - 4) + 1 - (162 - 147))?
141
Evaluate (-257 - -157) + 53 + 1.
-46
What is the value of (-21 - (-14 + 4 - -5 - 10)) + (-1 - -60)?
53
What is the value of (40 - -2) + ((-7 - -21) + -36 - -12)?
32
Evaluate 121 + -6 + -701 + 439.
-147
(19 - (0 + 2 - 12 - (-30 + 13))) + 11
23
Evaluate 143 + (-203 - -124 - -6).
70
Evaluate 1 + -95 - (23 - (56 - (7 - (14 - 25)))).
-79
Evaluate (42 - 0) + (-370 - -401) + 26.
99
Calculate 5 - -1 - (16 + -22 + -4).
16
What is the value of -72 + 37 + 34 + -3 + 11 + -61?
-54
What is the value of -16 - ((-6 - -2) + -210 + 182)?
16
Calculate 33 + (-31 - (-8 + (-1 - 21))).
32
What is 20 - (129 + -9) - 21 - (-1 + -7) - -6?
-107
Evaluate 72 - 7 - -3 - ((-1 - 3) + (6 - -4)).
62
Evaluate 9 + (-4 + 3 + -8 - (13 - (-13 + 25))).
-1
56 - (-8 + (7 - -6) - (41 - 22))
70
What is 115 - (13 + (-48 - -50 - -11))?
89
What is the value of 53 - ((45 - -8) + -30)?
30
Evaluate -1 + -74 + 13 + 24 + -36.
-74
What is 17 + (-6 - (-14 + 13)) - 12?
0
Evaluate -41 + 15 + -6 + 15 + -20.
-37
What is 13 - (-8 + 7 + 0) - 23 - -17?
8
What is -21 - -111 - 40 - 66?
-16
Calculate -12 - (3 + -2) - (1501 - 1534).
20
What is (15 - (-34 + 15 - -40)) + (-6 + 3 - -24)?
15
(7 + 0 - (198 + -176 - (155 - 1))) + 2
141
What is 52 - (147 + -180 - -167)?
-82
Evaluate 130 + -15 + -200 - (0 + -30).
-55
Evaluate 9 - (19 + -6 + -13 - (7 - 86)).
-70
What is the value of 1 + -5 + (-19 - (0 + -46) - 26)?
-3
Evaluate -8 - -1 - (-43 - (-100 + 68)).
4
Calculate 93 + -1 + 3 + -17 - 25 - (4 + 1).
48
-189 + (-36 - (-13 - 29)) - -38
-145
What is (-1 - (-1 - -2)) + -20 + (-68 - -64) + -4?
-30
Evaluate 2 - (14 - -2) - (107 + -99).
-22
Evaluate -183 - -203 - (-56 - -76 - (-2 - 1)).
-3
Calculate 13 + (-20 - ((-4 - 18) + 1)).
14
-9 + (70 + -53 + -12 - (1 - -22 - -4))
-31
What is -1388 + (1231 - -229) + (-1 - 0 - -2 - 8)?
65
-21 + 10 - -18 - 0 - (19 + -1)
-11
-72 - (55 - 165) - -38
76
Evaluate -56 + 7 + -57 + 71.
-35
What is the value of -61 + -13 - (-247 - -228)?
-55
What is the value of (-3 + 4 - (-5 + -15)) + -71?
-50
Calculate 27 + (-85 - -7) + 37.
-14
Evaluate 3 + (-122 + -17 - -84).
-52
-74 + -43 + 73 - (0 + -33)
-11
What is the value of -1 - -27 - (((14 - -17) + -24 - -10) + -3)?
12
What is 1 + 0 + -2 - (28 + -76 - -113 - 23)?
-43
What is the value of -340 + 225 - (3 - 63)?
-55
Evaluate -38 - -98 - (4 - -111).
-55
What is the value of (23 - 21) + (0 - -9) - -53?
64
What is -5 - -60 - (2 - -10 - (-112 - -116))?
47
Calculate (-2 - -2) + (-13 - (-10 - 28 - 22)).
47
What is (8 - (-4 - 3)) + 39 + -10?
44
What is the value of (6 - (-109 - -77)) + 19?
57
What is the value of (5 - -64) + (-11 - (6 + -18) - -2) - -9?
81
0 + -19 + 1106 + -1078 + -36
-27
Evaluate 60 + (10 - 6 - ((-2 - (12 + -20)) + -6)).
64
Calculate -12 + ((27 - (7 + 13)) + -19 - -3).
-21
Evaluate (17 - -15) + (-8 - (3 - (-10 + 8))) + 6.
25
Evaluate -2 - (14 + 5 + -9 + -85 + 13).
60
What is (22 - 20) + -18 + -5 - -7?
-14
Evaluate (-1 - 44) + (8 + 25 - -5 - 54).
-61
What is (-15 - (-4 - 3) - -4) + -87 + 158?
67
Calculate (4276 + -4296 - (1 + 0 + -14)) + 63.
56
What is -3 + (-47 + 32 - -9 - (0 - -3))?
-12
What is the value of -97 + -135 + 302 - 46?
24
Calculate 23 - (9 - ((-21 - -31) + (-7 + -7 - -6))).
16
What is -100 + (-28 + 8 + 13 + -12 - -3) - 0?
-116
14 - -46 - (4 + -6)
62
What is the value of 43 - (192 - (19 + 15 - 9))?
-124
13 - (-1 - -21) - 3 - (-1 + -45)
36
What is 0 + (-13 - (3 + -18)) - (-10 + 38)?
-26
What is 0 + -12 - (-13 + 25) - (-13 + 11)?
-22
Evaluate -40 - (10938 + -10938 - ((18 - 1) + -1)).
-24
Calculate 0 + (6 - (3 - 2)) + (-28 - -24) + -43.
-42
What is 397 + -449 - ((0 - 1) + -14 + 25)?
-62
What is 6 - (-10 + 6 + -9) - ((2 - 16) + 5)?
28
What is 16 - 0 - ((30 - 29) + (36 - 100))?
79
What is the value of 50 + (14 - 17) - 11?
36
What is the value of -109 - -82 - 23 - -33?
-17
What is the value of 64 - (49 - (-84 + -21))?
-90
Calculate 60 + 23 - -75 - 85.
73
What is (-52 - (59 + -73)) + 60?
22
Evaluate 1 - -1 - (3328 - 3238).
-88
Calculate (78 - (32 - 3)) + (-14 - -2) - 13.
24
What is the value of -40 + (3 - (1 + -10 + 2))?
-30
What is the value of -11 + -5 + 35 + -23 + 40?
36
What is the value of (-1 - -9) + (-163 - -193) + 16 + 12?
66
What is -1 + -1 - (17 - (-14 - -2)) - -14?
-17
Calculate -15 + 99 + (-4 - -3 - (-5 + 12 - 5)).
81
(21 + (-11 - 8) - (7 - -1)) + 34
28
What is the value of 1 - -6 - 14 - (40 + 8)?
-55
Calculate 41 + (11 - 10) + (7 + (-9 - -4) - -8).
52
What is -36 - -90 - (52 + -16)?
18
What is the value of (31 + -82 - -33) + 4 + 0 + -5?
-19
Calculate (-1 - (-1 + (0 - 3))) + 259 + (-264 - -93).
91
Evaluate (0 - 2 - -22) + (-8 - (6 + -3) - -6).
15
What is the value of -3 + (48 + 13 + 4 - -8) - 15?
55
Evaluate 36 + (-50 - (-41 - -93)).
-66
Evaluate (-8 - 15 - -13) + (-6 - -6) + (-5 - 2).
-17
What is 15 + 0 + 1 - (-3519 + 3517)?
18
Evaluate 2 - (65 - (2 + -35 + 24)).
-72
Calculate -69443 - -69453 - ((-1 + 2 - -1) + 0 + 2).
6
Evaluate -31 + 1 + (24 - (5 + -25)) + -39.
-25
What is the value of -2 + -31 + 131 - 67?
31
Evaluate -6 - -7 - ((-13 - 3) + 24 + (54 - 0)).
-61
What is -27 + (23 - 47) - -29?
-22
What is 5 - (175 + -145 - (4 - (-1 - -2)))?
-22
Evaluate 7 - (-26 - -66) - -70.
37
What is the value of -1835 + 1923 + (1 - 64)?
25
What is -113 - (-19 - (-12 - (-11 + 15 + -13)) - -17)?
-114
What is 13 + (-260 + 279 - (74 + 1))?
-43
Evaluate 43 - (0 - 5 - (7 + (12 - 21))).
46
-23 - -25 - (7 + 5 + -4) - 26
-32
What is -20 + 44 + -5 + -6 - -16?
29
Evaluate (79 - (-26 - -72)) + -56.
-23
Calculate 34 + (6 - 3) + (-10 + 23 - 8).
42
Calculate (-40 - 1) + -86 + 162.
35
-3 + (-1 - 14 - (39 + -50)) - 12
-19
What is the value of 38 + 1 - (-896 + 941 + (-47 - -2))?
39
Calculate 7 - (-5 - ((3 - 6) + (-17 - -10))).
2
Evaluate -34 + (-24 - -30) + 29 + -1 + 1 + 15.
16
What is the value of 60 + -55 + (-56 - -87)?
36
What is -48 + -3 + (-1 - -8) + -2?
-46
Calculate 15 + 46 + -92 + 27.
-4
What is the value of (-24 - -14 - 4) + 13 - 14?
-15
What is the value of 22 + 0 - (96 + -93) - 61?
-42
What is the value of (375 - 425) + 0 + 1?
-49
Calculate (27 - -12 - 19) + 13.
33
(1 - -20) + -1 + -90 + (169 - 210)
-111
What is -55 + (-70 - (-169 + 87))?
-43
Calculate (9 - 8) + -3 + (-12 - (-12 - 15)).
13
What is (1 - -10 - -4) + (218 - (-43 + 155))?
121
What is (302 - 313) + (1 + 1 - -8 - (-16 - -15))?
0
-17 + -24 + (-8 + 23 - -6)
-20
What is the value of 63 + (75 + -133 - -20)?
25
Evaluate -135 + 152 - (3 + 9) - (-67 + 9).
63
What is 3 + -3 + 5 + (570 - 532)?
43
What is the value of 47 + (10 - 22) + -15 - -25?
45
Evaluate -18 + 36 + -16 - (1 - (-7 + (7 - -15))).
16
(-131 - 58) + 347 + -201
-43
What is the value of -4 + (33 - (-5 + -62)) + -1?
95
What is (-309 - -278) + (54 - 5)?
18
What is the value of (-296 - -283 - (-5 - -2)) + -15 - -49?
24
Calculate -6 + (0 - -53 - (-9 + 17)) + -5.
34
(-7 - (-55 - -21)) + (-5 - -8)
30
What is (207 + -131 - 177) + 169?
68
Evaluate 7 - (-13 + 28 + -2) - -10.
4
Evaluate (-6 - -2) + -3 + -2 - (16 + 23 - -7).
-55
Evaluate 1 - (3 - -2 - 5 - 29).
30
Calculate 75 + 6 + -5 + 4 + (6 - -4) + 6.
96
Calculate 48 + -18 + 33 + -50.
13
What is the value of 138 + 57 - 111 - 133?
-49
What is the value of -35 + 26 + -53 - -18?
-44
What is the value of -20 + 3 + (5 - -71) + -17?
42
Evaluate -42 - (-79 - (36 - 93)).
-20
99 + -75 + -34 - (1 - 11) - -126
126
(-1 - (-2 - -4) - -11) + 435 + -457
-14
Calculate (-23 - -115) + -158 + 25.
-41
Evaluate -34 - (-50 + 38 + 13).
-35
What is the value of 30 + 2 + -70 + -10 + -3?
-51
What is -2 + (302 - 301 - (0 - -1))?
-2
Calculate 2 - -26 - (-44 + 22 - (-27 - 1)).
22
What is the value of 26 + (-1 - 18) + 26?
33
What is the value of 277 + -300 + 22 + -1 + 6?
4
-6 - -19 - (-609 - -628)
-6
Calculate 2 + 26 - ((79 - 75) + 11).
13
What is the value of -3 + -126 + (-9 - -3 - -33)?
-102
Evaluate 32 - 154 - (-36 + -10).
-76
-2 - (11 + (-18 - (-15 + (-4 - -9))) - 25)
20
Calculate 56 - 24 - (15 + (-22 - -20)).
19
Calculate 20 + (-24 - -34 - -3) - 15.
18
Evaluate -28 + 19 + 15